4*z - 22. Give c(84).
314
Let x(b) = -b**3 + 25*b**2 - 128*b + 413. What is x(15)?
743
Let a(h) = -h**3 - 28*h**2 - 6*h - 276. Determine a(-27).
-843
Let i(c) = -105*c**3 + 14805*c**2 + c - 142. Determine i(141).
-1
Let o(x) = -95*x**2 - 1127*x + 124. Calculate o(-12).
-32
Let y(v) = -1992*v - 17941. Determine y(-9).
-13
Let l(i) = 5*i**3 - 1925*i**2 + 246*i - 94786. Determine l(385).
-76
Let l(s) = 28*s**2 - 404*s - 14. Calculate l(16).
690
Let t(x) = 2*x**3 - 62*x**2 - 220*x + 6839. Calculate t(31).
19
Let b(t) = -t**3 - 147*t**2 + 19414*t + 2279. Determine b(-231).
-31
Let h(a) = 175*a - 10076. Give h(57).
-101
Let y(r) = -796*r - 11083. Determine y(-14).
61
Let g(r) = 2*r**2 + 360*r - 9457. What is g(25)?
793
Let o(p) = 49*p**3 - 2450*p**2 - 2*p + 100. Calculate o(50).
0
Let v(p) = 4*p**3 + 157*p**2 - 43*p + 3089. Give v(-40).
9
Let r(t) = -1781*t - 72972. Determine r(-41).
49
Let a(g) = -5738*g + 17237. Give a(3).
23
Let t(d) = -2639*d - 84484. Calculate t(-32).
-36
Let p(i) = 2620*i - 90929. Give p(35).
771
Let u(l) = 2321*l - 376012. Give u(162).
-10
Let d(o) = 107575*o + 10004461. Give d(-93).
-14
Let u(r) = 37*r**2 + 217*r - 3436. Determine u(-13).
-4
Let c(r) = -268*r + 6035. Determine c(26).
-933
Let u(l) = 6*l**2 - 12*l - 15. Determine u(6).
129
Let v(n) = -32268*n - 3678553. Calculate v(-114).
-1
Let v(l) = -3*l**3 - 24*l**2 - 22*l + 367. Give v(4).
-297
Let a(v) = -142*v + 3738. Determine a(28).
-238
Let h(r) = -2*r**3 + 177*r**2 + 265*r + 1090. Determine h(90).
640
Let h(m) = -834*m + 246007. Calculate h(295).
-23
Let p(b) = 2902*b - 17442. Calculate p(6).
-30
Let g(j) = 1949*j**2 - 31115*j - 1102. Give g(16).
2
Let n(m) = m**3 - 3*m**2 - 178*m + 179. Give n(1).
-1
Let u(o) = 1246*o - 776235. Give u(623).
23
Let g(k) = 1563*k - 64797. Give g(41).
-714
Let v(y) = -74*y**2 - 459*y + 9. Determine v(-6).
99
Let g(o) = o**2 - 11287*o - 56486. Give g(-5).
-26
Let m(r) = -r**3 - r**2 - 7682*r + 66. What is m(0)?
66
Let n(y) = y**2 + 74095*y - 1927072. Calculate n(26).
74
Let i(c) = -8*c**2 - 9472*c - 121745. What is i(-1171)?
39
Let i(u) = 6*u**3 - 69*u**2 - 1046*u - 64. What is i(20)?
-584
Let j(w) = 6*w**2 + 4361*w + 25953. What is j(-6)?
3
Let z(i) = 444248*i + 9773465. Determine z(-22).
9
Let j(z) = -116*z + 7918. Give j(56).
1422
Let n(g) = 550239*g + 31363625. Determine n(-57).
2
Let c(f) = f**3 - 268*f**2 - 2343*f + 37208. What is c(276)?
-52
Let h(w) = -21*w + 2018. What is h(145)?
-1027
Let d(a) = -a**2 - 42*a + 1806. Calculate d(-65).
311
Let k(a) = 645*a - 100619. Give k(156).
1
Let c(v) = 2*v**2 + 378*v - 228. Give c(-191).
536
Let j(h) = -9*h**3 - 373*h**2 - 821*h + 1425. What is j(-39)?
-18
Let p(m) = 245*m - 5386. What is p(24)?
494
Let d(l) = 8285*l + 8302. Determine d(-1).
17
Let u(t) = -295517*t + 3841751. Give u(13).
30
Let u(n) = 24*n**2 + 4751*n - 9500. Determine u(2).
98
Let i(z) = 1749111*z + 15742004. Calculate i(-9).
5
Let c(p) = -6*p**3 + 2567*p**2 - 111046*p - 373. Determine c(379).
6
Let q(k) = -25600*k + 27750404. Give q(1084).
4
Let o(z) = -1126*z**2 + 26*z + 27. Determine o(-1).
-1125
Let y(s) = 11*s**3 - 27*s**2 - 21*s + 16. Calculate y(4).
204
Let v(i) = -9*i - 789. What is v(-73)?
-132
Let j(t) = -6*t**2 - 2603*t + 44538. Calculate j(17).
-1447
Let t(k) = -9*k**2 - 9*k + 83. Determine t(12).
-1321
Let f(z) = -845*z**3 + 98862*z**2 + 355*z - 463. Give f(117).
5
Let y(j) = -7*j**2 - 151*j + 9718. Determine y(28).
2
Let r(u) = 2*u**3 + 109*u**2 - 53*u + 5795. Determine r(-55).
5685
Let r(p) = 350*p**2 + 8627*p - 3068. Calculate r(-25).
7
Let m(d) = 36*d**2 + 1544*d - 7718. What is m(5)?
902
Let j(z) = -969*z - 11645. Determine j(-12).
-17
Let q(a) = -143*a**2 + 482*a + 1473. Calculate q(-3).
-1260
Let x(b) = 1150*b + 3162. Calculate x(-4).
-1438
Let y(w) = -w**2 - 41*w + 719. Give y(12).
83
Let g(z) = 53*z**2 + 260*z + 283. Calculate g(-5).
308
Let v(h) = -2*h**2 - 25924*h - 517679. Calculate v(-20).
1
Let z(i) = i**3 - 27*i**2 - 76*i + 4255. Calculate z(19).
-77
Let x(i) = -i**3 + 98*i**2 - 438*i + 5796. Calculate x(94).
-32
Let p(j) = j**3 - 45*j**2 + 81*j + 231. What is p(43)?
16
Let k(i) = 1974*i - 21745. Determine k(11).
-31
Let x(y) = y**3 - 186*y**2 + 801*y - 13295. Determine x(182).
-9
Let z(d) = -d**3 - 76*d**2 + 596*d + 77. Give z(-83).
-1168
Let v(h) = h**3 + 99*h**2 - 510*h - 84556. Give v(-95).
-6
Let r(v) = 1495*v + 394837. Give r(-264).
157
Let v(q) = 2*q**3 + 21*q**2 - 218*q + 29. Determine v(8).
653
Let s(g) = -3483293*g + 41799509. Determine s(12).
-7
Let a(u) = -5950*u - 41707. Calculate a(-7).
-57
Let t(i) = 4*i**3 + 71*i**2 + 350*i + 284. Give t(-9).
-31
Let z(t) = -t**3 - 54*t**2 + 569*t - 111. Give z(0).
-111
Let i(m) = 1264*m - 107425. What is i(85)?
15
Let u(d) = d**3 + 65*d**2 + 982*d - 2080. Calculate u(-31).
152
Let g(s) = -s**3 + 77*s**2 + 1941*s - 94. Calculate g(97).
3
Let y(j) = -1740*j - 537673. Give y(-309).
-13
Let k(f) = -3*f**3 + 109*f**2 - 986*f - 58. What is k(20)?
-178
Let r(g) = -g**2 - 104*g + 3499. Determine r(26).
119
Let l(n) = -n**2 - 76*n - 1467. What is l(-22)?
-279
Let m(n) = -822*n + 22990. Give m(28).
-26
Let m(r) = 12*r**2 - 317993*r - 317992. Determine m(-1).
13
Let q(c) = 139*c**2 + 2345*c - 2346. Calculate q(1).
138
Let n(f) = -f**3 + 14*f**2 - 21*f + 1606. Calculate n(18).
-68
Let j(w) = 4*w**2 - 295*w + 3013. Calculate j(47).
-2016
Let m(w) = -113*w**2 + 5298*w + 35871. Calculate m(-6).
15
Let o(k) = -2*k**3 - 17*k**2 + 1232*k + 14487. Determine o(-13).
-8
Let k(a) = -a**2 + 391*a - 8981. Give k(23).
-517
Let n(c) = 319364*c - 20758667. Calculate n(65).
-7
Let x(y) = -1157*y**2 + 15038*y + 34. Calculate x(13).
-5
Let d(u) = 68707*u + 206120. Determine d(-3).
-1
Let u(v) = -2*v**2 - 128*v + 652. What is u(-44)?
2412
Let h(m) = -m**3 - 557*m**2 + 8454*m + 24. What is h(15)?
-1866
Let f(t) = -t**3 - 195*t**2 - 2157*t + 502. What is f(-12)?
34
Let q(g) = -g**3 + 368*g**2 + 695*g + 16652. What is q(370)?
2
Let g(a) = 5065*a + 5315. Give g(-1).
250
Let x(v) = -6197*v - 18592. Determine x(-3).
-1
Let g(y) = -y**3 - 166*y**2 - 391*y - 10354. What is g(-164)?
-22
Let y(q) = 13*q**3 - 103*q**2 + 187*q - 731. Determine y(7).
-10
Let g(b) = 24*b**3 + 155*b**2 - 11*b + 21. Calculate g(-7).
-539
Let u(d) = d**2 + 4786*d - 197917. Give u(41).
-10
Let v(p) = -352*p**3 - 3873*p**2 - 7*p + 101. Determine v(-11).
57
Let y(q) = 1012*q - 821741. Determine y(812).
3
Let r(n) = 1912510*n + 9562549. Determine r(-5).
-1
Let b(g) = 3202*g + 2481618. Calculate b(-775).
68
Let p(s) = -s**3 + 3*s**2 + 1667*s - 3340. Give p(2).
-2
Let y(i) = i**3 - 51*i**2 + 58*i + 86. Give y(2).
6
Let c(h) = -2081*h - 226886. Calculate c(-109).
-57
Let v(p) = -2*p**2 + 258*p + 4987. Calculate v(-17).
23
Let t(u) = u**3 - 11*u**2 - 650*u - 2377. Calculate t(-4).
-17
Let m(a) = 7*a**2 + 87*a + 614. Give m(-7).
348
Let u(c) = 138*c - 4633. What is u(32)?
-217
Let v(u) = u**3 + 101*u**2 - 39*u + 6493. Determine v(-102).
67
Let r(n) = 100941*n + 1413171. Give r(-14).
-3
Let t(l) = -l**3 + 418*l**2 + 397*l + 9193. What is t(419)?
-25
Let o(s) = -s**3 - 11*s**2 - 73*s + 131. Calculate o(-6).
389
Let v(p) = -2*p**3 - 42*p**2 + 123*p + 2533. What is v(-21)?
-50
Let j(r) = -r**3 + 145*r**2 - 81*r + 11707. Calculate j(145).
-38
Let m(p) = -167416*p - 61441679. Calculate m(-367).
-7
Let h(t) = 20058*t - 1905377. Calculate h(95).
133
Let p(x) = x**2 - 11118*x - 1918970. Give p(-170).
-10
Let n(m) = -1911*m - 36028. Give n(-20).
2192
Let n(b) = 5*b**2 + 1118*b + 51864. What is n(-158)?
40
Let s(a) = -a**2 - 2399*a + 65484. Calculate s(27).
-18
Let t(h) = -1541*h + 266600. Calculate t(173).
7
Let f(b) = -7*b**2 - 8990*b - 26906. Determine f(-3).
1
Let s(k) = -2*k**3 + 514*k**2 - 6341*k - 786. What is s(244)?
-54
Let w(a) = 44*a**3 - 542*a**2 + 162*a + 35. Calculate w(12).
-37
Let m(z) = -3678*z + 7134. Calculate m(2).
-222
Let a(i) = -14*i**2 - 528*i + 177. Give a(-38).
25
Let w(h) = -586*h - 3859. Calculate w(-8).
829
Let b(g) = -11*g**2 - 203*g + 35. Give b(-18).
125
Let t(p) = p**3 - 200*p**2 - 8764*p - 1185. What is t(237)?
0
Let f(s) = s**3 + 16*s**2 - 115*s + 370. Give f(-22).
-4
Let u(d) = 7*d**2 + 1489*d + 51969. Give u(-44).
5
Let a(b) = -11*b**3 - 4*b**2 - 651*b + 656. Calculate a(1).
-10
Let v